 of (-1010)/(-5)*(-2)/z?
101
Let w(h) = 2*h + 6. Let f(y) = -7*y**3 + 2*y**2 - 1. Let x be f(-1). What are the prime factors of w(x)?
2, 11
Let i(x) = 26*x - 27. Let q(w) = -51*w + 53. Let u(d) = 9*i(d) + 4*q(d). What are the prime factors of u(5)?
7, 17
Let k be ((-8)/(-3))/(6*1/603). Let d = 419 - k. What are the prime factors of d?
151
Let d(t) = t**3 - 4*t**2 - 2*t. Let c = -53 + 77. Let v = -19 + c. List the prime factors of d(v).
3, 5
Let u = -785 - -853. What are the prime factors of u?
2, 17
Suppose 4*h + 3*x + x + 52 = 0, 2*h + 25 = -3*x. Let y(j) = -2*j + 10. List the prime factors of y(h).
2, 19
Let s be (12/8)/(2/72). Suppose f - s = -2*f. Suppose -t + o + f = 0, -3*t + o = -0*o - 60. What are the prime factors of t?
3, 7
Suppose 37 = 4*w + 21. Suppose -k - 4*b + 56 = -2*b, 5*k - w*b = 266. List the prime factors of k.
2, 3
What are the prime factors of -4*(131 - 0)/((-28)/7)?
131
Let p = -105 - -241. What are the prime factors of p?
2, 17
Let s = -1052 + 1622. Suppose -l - 3*i + 279 = 0, 2*l - 2*i = -5*i + s. What are the prime factors of l?
3, 97
Suppose 0 = -j - 4 - 6. What are the prime factors of 516/15 - j/(-25)?
2, 17
Suppose 16 = -w + 91. Suppose 2*x + 2*x - 3*d = w, -d + 66 = 3*x. List the prime factors of x.
3, 7
Let f(k) = 3*k**2 - 13*k - 6. Let b be f(5). Suppose -c + b*c + 2*x - 48 = 0, 4*c + 4*x = 64. What are the prime factors of c?
2
Let d be (9/(-6))/(303/312 + -1). Suppose 0 = -3*l + 68 + d. List the prime factors of l.
2, 5
Suppose -1575 = -11*a + 1835. What are the prime factors of a?
2, 5, 31
Let d = 1072 + -1017. What are the prime factors of d?
5, 11
Let x(w) = 2*w**2 - 20. Suppose 4*s - 4*r = -5 + 29, -2*s + 12 = 5*r. What are the prime factors of x(s)?
2, 13
Suppose -22 = 2*k - 306. Let u = 17 + k. List the prime factors of u.
3, 53
Let q = 46 + -41. List the prime factors of 10/q - 13*-1.
3, 5
Suppose -8*i = -3763 - 32093. What are the prime factors of i?
2, 3, 83
Suppose -14*u = -15*u + 135. What are the prime factors of u?
3, 5
Let h be ((-15)/(-10))/(1/(-202)). Let c = -75 + h. What are the prime factors of 2/(-10) + c/(-15)?
5
Suppose 4*a = 5*w + 386, -151 = w + w - 5*a. What are the prime factors of ((-4)/(-2) - w)*(-24)/(-16)?
2, 3, 5
Let b(n) be the second derivative of -n**5/20 - 5*n**4/6 - n**3/3 - 5*n**2/2 - 2*n. Let h be b(-10). What are the prime factors of ((-4)/(-10))/(1/h)?
2, 3
Suppose -12*i + 1424 = -388. Suppose 21 = -2*x + i. List the prime factors of x.
5, 13
Suppose 4*c - 3*u = 328, 4*u + 249 = 3*c + u. Let b = c + -40. What are the prime factors of b?
3, 13
Let j = 11 - 9. Suppose c = 2*i - 156, j*c = 7*c - 20. Suppose -5*n + 0*n = -i. List the prime factors of n.
2
List the prime factors of (-4 + (-112)/(-24))*1206/4.
3, 67
Suppose 4*s + 10063 = 5*o - 5213, -5*o = -5*s - 15275. Let f be 8/36 + o/18. Suppose -9*v + 4*v = -f. List the prime factors of v.
2, 17
Let n = 411 - 87. What are the prime factors of n?
2, 3
Suppose -6*w + 9*w = 6. Let j(y) = -y**2 + 6*y - 1. Let a be j(4). Suppose -23 = -w*c + a. List the prime factors of c.
3, 5
Suppose 2*n = 9*n + 14. Let s = 28 + n. List the prime factors of s.
2, 13
Suppose 0*k + 3 = -3*k - p, -5*k - 5*p = 5. Let q be (k - 4)*(-1 + -2). Suppose 0 = 4*g - q - 13. What are the prime factors of g?
7
Let j = -7 + 11. Let d(p) = -2*p**3 + 4*p**2 - 2*p - 1. Let h be d(j). Let q = -47 - h. What are the prime factors of q?
2, 13
Suppose 0*m = 2*m + 12. Let j = 6 + m. Suppose j = i - 12 - 17. What are the prime factors of i?
29
Suppose 0 = 28*u - 27*u - 3*s - 207, -4*u - 4*s = -748. What are the prime factors of u?
2, 3
Suppose 59819 = 36*h - 11425. What are the prime factors of h?
1979
List the prime factors of (3/6)/(((-3)/2118)/(-1)).
353
What are the prime factors of 13461/28 + (-2)/(-8)?
13, 37
What are the prime factors of 28/(-7) - -3069 - -2?
3067
Suppose -7 = -g - 0*g. Suppose 305 = g*u - 94. What are the prime factors of u?
3, 19
Let s = -7 + 9. Suppose -h + s*c = 5, h + 2*c = 11 - 0. Suppose q - 3 = -h*u - 10, 5*u + 23 = 4*q. List the prime factors of q.
2
Let f = -8 - -9. Suppose 2 + 6 = -4*c. List the prime factors of (f + 15)/4 - c.
2, 3
Suppose 12*w + 36 = 16*w. Let v(p) = 15*p + 16. List the prime factors of v(w).
151
Let t(x) = -x**2 + 33*x - 8. Suppose -3*g - 5*k + 82 = -3*k, -g - 2*k + 34 = 0. List the prime factors of t(g).
2, 13
Let p = -544 + 687. What are the prime factors of p?
11, 13
List the prime factors of (-5520)/(-9) - 5/30*2.
613
Let j = 41 - 51. List the prime factors of 5/((-1)/(-7) - j/175).
5
Let r be 1*(-2 - (-4 + -2)). Suppose -11*l + 980 = -r*l. List the prime factors of l.
2, 5, 7
Suppose -12*h + 9661 = -10523. What are the prime factors of h?
2, 29
Suppose 6*n = 8*n - 6. List the prime factors of (-6 + 8 - n)*1*-101.
101
Let k(y) = -y**3 - 10*y**2 + y + 3. Let p be k(-10). Let c(q) = -2*q - 9. Let m be c(p). Suppose 2*r - m*r + 33 = 0. List the prime factors of r.
11
Suppose 5*z = -z + 180. Let b = z - 7. What are the prime factors of b?
23
Suppose 13*o + 1076 - 4170 = 0. Let a = -66 + o. List the prime factors of a.
2, 43
Suppose 2*f - 6 = -3*u + 3, -u + 3*f = -3. Suppose u*q + 2*l - 228 = 0, -3*l - 7 = 3*q - 235. List the prime factors of q.
2, 19
List the prime factors of 6/(-14) - (-306468)/84 - -7.
5, 17, 43
Let w be -4*(-7)/(-14)*-1. Let u be (0 + 1)/1 - 53. List the prime factors of (w + 12/(-4))*u.
2, 13
Let x = -39 + 34. List the prime factors of (x/(-3))/((-10)/(-300)).
2, 5
What are the prime factors of 600/(-225)*(-2817)/4?
2, 3, 313
Suppose 21*b = 30*b - 7641. List the prime factors of b.
3, 283
Suppose -v - 5 = -2*b, -2*v + 9 = 2*b - 11. Let t(x) = 2*x - 10. Let p be t(v). Suppose p = -4*o, 0 = 7*k - 3*k - 5*o - 144. List the prime factors of k.
2, 3
Suppose 10*r = r + 3879. List the prime factors of r.
431
Let p be 10773/35 - (-1)/(-2 - -7). Suppose -16*g + 12*g + p = 0. What are the prime factors of g?
7, 11
Let q = 48 + -50. List the prime factors of (260/3 - (-2)/(-3)) + q.
2, 3, 7
Suppose n + 5*j + 42 = -n, -n + 2*j = 30. Suppose 5*q - 109 = 111. Let z = q + n. What are the prime factors of z?
2, 3
Let w be -4 + 68 - -1 - -4. List the prime factors of w - (-2 - -2)/(-5).
3, 23
Suppose 22*b - 2140 = 2*b. What are the prime factors of b?
107
Suppose -11 = 2*q - 17. Let h(w) = -2*w + 2*w + 2 - q*w + 12. List the prime factors of h(0).
2, 7
Let u = -16 + 28. Let p = 57 - u. Let l = p - 3. What are the prime factors of l?
2, 3, 7
Suppose 22*n = 25833 + 40497. List the prime factors of n.
3, 5, 67
Suppose 56 = 2*y + 4*g - 2*g, y - 5*g - 58 = 0. Suppose i = 3*i - 32. Let v = y - i. What are the prime factors of v?
17
What are the prime factors of (-13*(-153)/(-18))/((-1)/2)?
13, 17
Suppose 5*h - 3*d = -0*d + 30, 0 = h - 3*d - 18. Let s(c) = -4*c**3 + 3*c + 4*c**h - c**3 - 6*c**2 + 2 + 2. List the prime factors of s(-7).
2
Let y = -16 - -18. List the prime factors of y + 8 + 4/(-2).
2
Suppose 2*d - 669 = -3*d - 3*s, 0 = -d - 3*s + 129. List the prime factors of d.
3, 5
Suppose 230 = -3*w + 11. Let g = w + 90. List the prime factors of g.
17
Let o = -44 + 2. Let j = o - -20. Let a = j + 45. List the prime factors of a.
23
Let t(l) = -1929*l - 3. Let m be t(-3). Let b be m/42 - 2/(-7). Suppose o + b = 5*y, -y - 4*o = 2*y - 92. What are the prime factors of y?
2, 7
Let i = -18 + 22. Suppose 5*y + 2*m = 4*y + 137, 143 = y + i*m. List the prime factors of y.
131
Let c(z) be the second derivative of -z**5/20 - z**4/3 - 2*z**3/3 + z**2 + 2*z. Suppose -7*p = -12*p - 20. List the prime factors of c(p).
2, 3
What are the prime factors of ((-134)/10)/(9/(-45))?
67
Let l = -32 + 29. Let b be l - (0 + -3)/(-3). List the prime factors of ((-92)/(-8))/((-2)/b).
23
Suppose t + 12 = 3*t. Suppose t*y = 5*y - 3. What are the prime factors of y*2/(-10)*10?
2, 3
Let w(j) = -9*j - 45 - 13*j + 43. List the prime factors of w(-3).
2
Let j(u) = u + 2. Let f(c) = -1. Let i(d) = -7*f(d) - 3*j(d). Let v be i(-3). List the prime factors of (-45)/1*(-4)/v.
2, 3
Suppose -125 = -4*q + a, 28 = 3*q + 4*a - 61. Let s be 2/(20/(-50) - (-336)/790). Suppose 0 = -5*z + s + q. What are the prime factors of z?
2, 11
Suppose 12*l - 3*g = 11*l + 1864, 7501 = 4*l + 3*g. List the prime factors of l.
1873
Let n = 2 - 2. Let d(u) = 8 + 17 -